{"id":142,"date":"2015-09-30T16:18:24","date_gmt":"2015-09-30T16:18:24","guid":{"rendered":"http:\/\/www.hahnes.se\/emigranten\/?page_id=142"},"modified":"2018-04-02T16:01:41","modified_gmt":"2018-04-02T14:01:41","slug":"video-3","status":"publish","type":"page","link":"http:\/\/hahnes.se\/emigranten\/?page_id=142","title":{"rendered":"Video"},"content":{"rendered":"<h4><span style=\"text-decoration: underline;\"><strong><img loading=\"lazy\" decoding=\"async\" class=\"size-thumbnail wp-image-689 alignleft\" src=\"http:\/\/www.hahnes.se\/emigranten\/wp-content\/uploads\/2015\/09\/frog-927769_1920-150x150.jpg\" alt=\"frog-927769_1920\" width=\"150\" height=\"150\"><\/strong><\/span><\/h4>\n<h4><span style=\"text-decoration: underline;\"><strong>Vardagliga saker<\/strong><\/span><\/h4>\n<p><a href=\"https:\/\/www.youtube.com\/watch?v=O3L6N0F4l2A\">Gammal mj\u00f6lk.<\/a><\/p>\n<p><a href=\"https:\/\/www.youtube.com\/watch?v=njDONvu17UU\">Ingen \u00e4nde<\/a><\/p>\n<p><a href=\"https:\/\/www.youtube.com\/watch?v=GwhtlzdbmjI\">Vi har det bra<\/a><\/p>\n<p>&nbsp;<\/p>\n<p>&nbsp;<\/p>\n<p>&nbsp;<\/p>\n<h4><span style=\"text-decoration: underline;\"><strong><img loading=\"lazy\" decoding=\"async\" class=\"size-thumbnail wp-image-688 alignleft\" src=\"http:\/\/www.hahnes.se\/emigranten\/wp-content\/uploads\/2015\/09\/regulator-150x150.jpg\" alt=\"\" width=\"150\" height=\"150\" srcset=\"http:\/\/hahnes.se\/emigranten\/wp-content\/uploads\/2015\/09\/regulator-150x150.jpg 150w, http:\/\/hahnes.se\/emigranten\/wp-content\/uploads\/2015\/09\/regulator-365x365.jpg 365w\" sizes=\"auto, (max-width: 150px) 100vw, 150px\" \/>Teknik<\/strong><\/span><\/h4>\n<p><a href=\"https:\/\/www.youtube.com\/watch?v=NsEftXBRSSg\">Paul Phantone Patent<\/a><\/p>\n<p><a href=\"https:\/\/www.youtube.com\/watch?v=NeJWRP-dayw\">Reparation av sticks\u00e5g<\/a><\/p>\n<p>&nbsp;<\/p>\n<p>&nbsp;<\/p>\n<p>&nbsp;<\/p>\n<p>&nbsp;<\/p>\n","protected":false},"excerpt":{"rendered":"<p>Vardagliga saker Gammal mj\u00f6lk. Ingen \u00e4nde Vi har det bra &nbsp; &nbsp; &nbsp; Teknik Paul Phantone Patent Reparation av sticks\u00e5g &nbsp; &nbsp; &nbsp; &nbsp;<\/p>\n","protected":false},"author":1,"featured_media":0,"parent":0,"menu_order":0,"comment_status":"closed","ping_status":"closed","template":"page-portfolio.php","meta":{"kt_blocks_editor_width":"","footnotes":""},"class_list":["post-142","page","type-page","status-publish","hentry"],"_links":{"self":[{"href":"http:\/\/hahnes.se\/emigranten\/index.php?rest_route=\/wp\/v2\/pages\/142","targetHints":{"allow":["GET"]}}],"collection":[{"href":"http:\/\/hahnes.se\/emigranten\/index.php?rest_route=\/wp\/v2\/pages"}],"about":[{"href":"http:\/\/hahnes.se\/emigranten\/index.php?rest_route=\/wp\/v2\/types\/page"}],"author":[{"embeddable":true,"href":"http:\/\/hahnes.se\/emigranten\/index.php?rest_route=\/wp\/v2\/users\/1"}],"replies":[{"embeddable":true,"href":"http:\/\/hahnes.se\/emigranten\/index.php?rest_route=%2Fwp%2Fv2%2Fcomments&post=142"}],"version-history":[{"count":12,"href":"http:\/\/hahnes.se\/emigranten\/index.php?rest_route=\/wp\/v2\/pages\/142\/revisions"}],"predecessor-version":[{"id":2884,"href":"http:\/\/hahnes.se\/emigranten\/index.php?rest_route=\/wp\/v2\/pages\/142\/revisions\/2884"}],"wp:attachment":[{"href":"http:\/\/hahnes.se\/emigranten\/index.php?rest_route=%2Fwp%2Fv2%2Fmedia&parent=142"}],"curies":[{"name":"wp","href":"https:\/\/api.w.org\/{rel}","templated":true}]}}